hest common factor of s and q.
10
Suppose -10 = -2*l + 5*w, 0 = -5*l - 3*w + w + 25. Suppose 2 + 13 = l*v. What is the highest common divisor of v and 33?
3
Suppose 6 = -2*d - 0*d, n + d - 6 = 0. Calculate the greatest common divisor of 3 and n.
3
Suppose 0 = 3*y - 7*y + 24. Suppose y*c - 7*c = -3. Calculate the highest common divisor of 15 and c.
3
Let d = -100 + 106. What is the greatest common factor of d and 48?
6
Suppose k - 2*k + 3 = 0. Suppose -k*r = -12, 4 = x + r - 8. What is the greatest common factor of x and 64?
8
Let p = 99 + -48. Calculate the greatest common factor of 17 and p.
17
Let x = -380 - -212. Let q be (8 - 1)*x/(-49). Calculate the highest common divisor of q and 24.
24
Let j(t) = t**3 + 11*t**2 + 8*t. Let q = -24 + 34. Let h = q + -19. Let b be j(h). What is the greatest common divisor of b and 10?
10
Suppose -2*p + 2*h - 20 = 6, p = -h - 17. Let j be (-1194)/p + (-4)/(-10). What is the highest common factor of 16 and j?
16
Let j(y) = -2*y + 1. Let f be j(-2). Let o(k) = 27*k**2 + k. Let z be o(-4). Let t be z/12 - 4/6. What is the highest common divisor of f and t?
5
Suppose 5*r = -3*i + 141, 2*i + 3 = i. Suppose -3*g = -r - 18. Suppose 5*s = -3*k - 3 + 194, -2*s - 2*k = -74. What is the greatest common factor of s and g?
8
Suppose -2*g + g + 16 = 4*m, 0 = -3*m + 2*g + 23. Let b be 1 + -4 + 23 + 5. What is the greatest common factor of b and m?
5
Suppose 184 = 5*q + 2*m, -3*q + m - 5*m + 102 = 0. Let x = -83 - -140. What is the greatest common factor of x and q?
19
Let x(d) = -2*d**3 + 2*d**2 + 5*d - 3. Let b be x(-4). Suppose o + 0 = b. Let f = -67 + o. What is the greatest common factor of 10 and f?
10
Let m(h) = 7*h**2. Let j be (0 + 1/1)/1. Let i be (-2 - j) + 1 + -1. Let p be m(i). Calculate the greatest common factor of p and 9.
9
Suppose 0 = 4*z - 4*c - 68, -5*z + 4*z - c + 7 = 0. Suppose 0*j + 4*j = z. Let q be 2/(-3) + 47/3. What is the highest common divisor of q and j?
3
Let c = 5 - -33. What is the highest common factor of 95 and c?
19
Let b be (-335)/(-3) + (3 - (-40)/(-15)). Calculate the highest common factor of b and 16.
16
Let n(d) = -d**2 + 2. Let x be n(-3). Let l = 3 - x. Suppose -2*f + 3*v = -28, 4*f - 5*f + 4 = -4*v. What is the highest common factor of f and l?
10
Let v be 0 - (-31 + (-3 - 1)). Calculate the highest common divisor of v and 5.
5
Suppose -3*k = 2*r - 352 - 208, k - 204 = -5*r. Calculate the highest common divisor of 23 and k.
23
Let j be 3/6 - (-94)/4. Suppose -4*z + k = -7, 2*z = -4*k + 29 - 3. Suppose -z*x + 17 = u - 2, -2*x + 11 = u. What is the greatest common factor of j and x?
8
Let h = -55 - -95. Let w(y) = -2*y + 2. Let k be w(2). Let a = k - -12. What is the highest common factor of h and a?
10
Let y = 4 + -2. Suppose -3*w + 11 = -y*w. What is the greatest common factor of 88 and w?
11
Let f = -58 - -184. Let x = 180 - f. What is the highest common divisor of 27 and x?
27
Let i be (-2 - -1)*(-3 + -45). Calculate the greatest common factor of i and 32.
16
Let x be (2 - (0 - -1))*17. Let g be 0 + 188 - (0 + 1). What is the greatest common factor of g and x?
17
Let n be (32 - -3)*(-2)/(-5). Let q be (-4)/n + (-2276)/(-28). Let f = 0 - -9. Calculate the greatest common divisor of f and q.
9
Let v(l) = -l**2 - 3*l + 4. Let m be 23/(-7) + 14/49. Let p be v(m). What is the greatest common factor of p and 1?
1
Let u(n) = -n**3 - 2*n**2 + 14*n - 4. Let m be u(-6). Calculate the greatest common factor of 7 and m.
7
Let b be 5 + 104 - (0 - 1). Calculate the greatest common divisor of b and 44.
22
Let w be 1/(2/4) - 3. Let y be ((-3)/2)/(w/12). Let o(i) = i - 2. Let a be o(8). What is the highest common factor of y and a?
6
Suppose 5*l - 3*l - 2*u = 336, 2*u - 174 = -l. Calculate the highest common factor of l and 34.
34
Suppose 6 + 27 = 3*z. Suppose 2*g = 9 + z. Suppose 3*f - 4*h - 6 = 0, -3*f = 2*f - 3*h - g. What is the highest common factor of f and 3?
1
Let x = 0 + 3. Suppose x*f = -f - 3*p + 240, 0 = -f - 2*p + 55. Calculate the greatest common divisor of f and 42.
21
Let w be 4/(-22) + (-6)/(-33). Suppose k + 3*z + 16 = 40, w = -2*k + 4*z + 88. What is the greatest common divisor of 4 and k?
4
Let h be -24*4/18*-3. Calculate the highest common factor of 8 and h.
8
Suppose -4*b = -c - 3*c + 28, -c = b - 13. Calculate the greatest common divisor of c and 50.
10
Let j be (-1 + 0 + 1)/2. Suppose j = -4*x + x. Suppose -l - 5 = -5*q + l, x = 5*l - 25. Calculate the greatest common divisor of 21 and q.
3
Let m be 2*(-1)/2*-23. What is the highest common divisor of 115 and m?
23
Let a be 2/(-8) - (-3 + 207/(-12)). Suppose 4*h - 26 = -0*h + 5*f, 5*h = 2*f + 41. Let k be 1/(h/30)*6. Calculate the highest common factor of a and k.
20
Let u(j) = -j**3 + 8*j**2 - 6*j - 3. Let l be u(7). Calculate the highest common factor of l and 16.
4
Suppose 59 = 3*o - c, -22 = -2*o + c + 16. Calculate the highest common factor of 3 and o.
3
Let g = 85 + -51. Suppose -4*h - 41 = 5*f + 19, 2*f - 2*h = -24. Let z be (f/16)/((-1)/68). Calculate the highest common factor of g and z.
17
Suppose -210 = -5*g - 75. What is the greatest common divisor of g and 3?
3
Let v = -7 + 5. Let u be (6/3)/(v/(-8)). Suppose h - 128 = -h. Calculate the highest common factor of h and u.
8
Let d = -13 - -18. Suppose l + 4*o = -2*l + 97, 3*o = d*l - 152. Let i = l - 15. What is the highest common divisor of i and 144?
16
Let l(m) = 7*m - 8. Let b be l(4). Calculate the greatest common divisor of b and 180.
20
Suppose -4*c + 0*c + 2*n - 24 = 0, 4*n = 5*c + 36. Let l = 4 + c. Suppose 4*m + m - 30 = l. What is the highest common factor of 6 and m?
6
Suppose 2*j - 4*c - 9 = 3, -4*c = 4*j + 12. Suppose k + k + 16 = j. Let r be 24 - 0 - k/(-4). Calculate the highest common divisor of r and 55.
11
Let f be (7 - 72/32)/(2/40). What is the highest common divisor of 38 and f?
19
Let a(k) = k**2 - 4*k + 3. Let l be a(4). What is the highest common factor of l and 15?
3
Let c be 1/(-2) + 26/4. Let t = 10 - c. Calculate the greatest common divisor of t and 1.
1
Suppose 0 = 5*o + 88 - 13. Let k be (-35)/o + 2/(-6). What is the highest common divisor of 16 and k?
2
Suppose 6*j + 4*l - 19 = j, -2*l + 2 = 0. Suppose 3*s = k + 138, -j*s = -4*k - 218 + 71. Calculate the greatest common divisor of 15 and s.
15
Let q(v) = v**2 - 4*v. Let j be q(5). Suppose -j*h - 4 = -z, -z + 6 = -10*h + 6*h. Calculate the highest common factor of 35 and z.
7
Let m be (-4)/(-2) - (3 - 1). Let w(t) = 5*t + 2. Let f be w(7). Let o be 2 - (m - (f + 1)). What is the highest common factor of 5 and o?
5
Let n be (-3)/(-5) + 306/15. What is the highest common factor of 42 and n?
21
Suppose 0 = 5*r + u - 57, 21 = r - 0*r + 5*u. Let y(h) = 45 + 7 + h**2 + r. Let m be y(0). What is the highest common factor of m and 9?
9
Suppose 24 = 5*o + 4. Calculate the greatest common divisor of o and 32.
4
Let k = 3 + 5. Suppose 0 = 4*r - 136 - 48. Let p = 26 + r. Calculate the highest common divisor of p and k.
8
Let w(d) = d**2 + 9*d - 12. Let i be w(-11). Suppose -3*l + i = -2*l. Let b be (-298)/(-6) + 2/6. What is the highest common divisor of b and l?
10
Let o = -428 - -736. What is the greatest common factor of o and 28?
28
Suppose 0*l = -l + 5. Let b = 28 + -18. Suppose 0*s - 33 = -5*x - 4*s, -5*s = -b. What is the greatest common factor of x and l?
5
Let j be (-6)/21 - 716/(-7). Suppose 5*q - j = 148. Let r be 2 + (-3 - -6) + 0. What is the highest common factor of r and q?
5
Let f(m) = 9*m**2 - m + 1. Let o be f(1). Suppose -o = -b - 2*b. Calculate the highest common factor of 27 and b.
3
Let y be 4/12 + (-2)/6. Suppose y = 3*s - 113 - 52. What is the greatest common factor of 22 and s?
11
Suppose -57 = -3*y - 2*s, -3*y + 1 = s - 56. Calculate the highest common factor of y and 152.
19
Let l be (6 - 5)/(2/30). Let o be (12/l)/(1/30). What is the highest common factor of 264 and o?
24
Suppose 2*s + o + 3*o = 190, -5*s - 4*o = -487. Suppose 0 = -4*t - 4*d + 24, -4*t - 3*d = 2*d - 21. Calculate the highest common divisor of t and s.
9
Suppose 10*l + 16*l = 338. Suppose 2*j - 22 = -2*k, -k - 5*j = -3*k + 36. What is the greatest common divisor of k and l?
13
Let p be (-1 - 11)/((-1)/(-2)). Let j be p/(-2) - 12/(-6). What is the greatest common divisor of 2 and j?
2
Let h(x) =